 the greatest common divisor of 64 and s.
16
Suppose -32 = -r - 35. Let c(t) = -3*t + 2. Let v be c(r). Calculate the greatest common factor of 77 and v.
11
Let l be (3 - (1 + 1)) + 186. Calculate the greatest common divisor of l and 17.
17
Suppose 0 = s + 5*i - 14, 0 = -4*s - 2*i + 236 - 90. What is the highest common factor of 3 and s?
3
Suppose 9*s + 90 - 162 = 0. Calculate the highest common divisor of s and 38.
2
Suppose -1333 = -4*w + k + 582, 0 = w + 2*k - 490. Calculate the greatest common factor of 90 and w.
30
Let g(r) = 43*r - 71. Let q be g(5). Calculate the highest common divisor of 24 and q.
24
Let w(z) = z + 52. Let h be w(-37). Calculate the highest common factor of h and 10.
5
Suppose 104*c - 2057 = 93*c. Calculate the highest common divisor of c and 68.
17
Let d = 79 - 59. What is the greatest common factor of d and 5?
5
Suppose -5*c - 104 = -3*v, 3*v - 99 = c + 1. Calculate the greatest common factor of 363 and v.
33
Suppose 462 = 67*r - 56*r. What is the highest common divisor of r and 1512?
42
Let q(l) = -l**3 + 9*l**2 - 13*l - 9. Let m be q(7). Let h be (-4 + -8)/(m/1)*16. Calculate the highest common divisor of 12 and h.
12
Suppose 4*x = 3*h + 17, 2 = -h + 4*x - 1. Let f(w) = -w**2 - 12*w - 15. Let m be f(h). Suppose -4*d + m = d. What is the greatest common divisor of 20 and d?
4
Suppose -7*a - 6*a = -5746. What is the highest common divisor of 34 and a?
34
Suppose -29*r + 1080 = -24*r. Calculate the highest common factor of 27 and r.
27
Suppose -4*o - 8 = -4*r, -r - 4*o + o = -2. Suppose p = r, 41 = 3*i - 5*p - 42. What is the greatest common divisor of 124 and i?
31
Let t(u) = -29*u - 226. Let a be t(-14). Calculate the highest common factor of 72 and a.
36
Let k(w) = 7*w**2 + 21*w + 56. Let y be k(-3). Let m = -226 - -394. What is the highest common divisor of y and m?
56
Let a = 53 - 26. Let k be -3 - -3 - (-38 - (-1 - -3)). Let l = k - a. Calculate the highest common divisor of 65 and l.
13
Let l(n) = 8*n**2 - 2 - 4*n**2 + 4*n - n**3 - 3*n**2. Let v be l(-2). What is the highest common factor of 26 and v?
2
Let i(z) = -95*z. Suppose -1 = o - 0*o. Let v be i(o). What is the greatest common divisor of 19 and v?
19
Let v be ((-6)/15)/(1/(-15)). Let f be (v/9)/((-1)/(-18)). What is the greatest common divisor of 8 and f?
4
Let j(b) = b**3 + 32*b**2 + 19*b + 57. Let t be j(-31). What is the highest common divisor of 33 and t?
33
Suppose -10*w = 12*w - 2068. What is the highest common divisor of w and 517?
47
Suppose -2*a = -a. Suppose a = -18*o + 19*o - 9. What is the highest common factor of 36 and o?
9
Let u = 677 - 659. Let h be 280/49 - 2/(-7). Calculate the greatest common factor of h and u.
6
Suppose 0 = 213*n - 215*n + 24. Let z = 85 + -61. What is the highest common factor of z and n?
12
Suppose -15 + 3 = -3*z. Let s be (-1)/3 - (158/(-6) + z). Calculate the greatest common divisor of s and 110.
22
Suppose 7*x - 3*x - 202 = -2*k, 2*k + 3*x - 201 = 0. What is the greatest common divisor of 792 and k?
99
Let g = -338 - -503. Suppose 78 = 3*c - 3*n - 21, -3*n - g = -5*c. What is the greatest common factor of 11 and c?
11
Suppose -q - 128 = -2*q - 5*d, -4*d = 12. Suppose 20*v - 224 = 36. Calculate the greatest common divisor of q and v.
13
Suppose k = 5*s + 16 + 37, -140 = -3*k - 4*s. What is the greatest common factor of 16 and k?
16
Let m = -89 + 86. Let p be m/(-1 - 15/(-18)). Calculate the highest common divisor of 18 and p.
18
Let d = -7731 - -7756. Let f be (32/6)/(4/150). What is the highest common factor of d and f?
25
Let u = 19 + -14. Suppose 125 = 2*w + 3*w. Calculate the highest common factor of w and u.
5
Let l = -33 - -58. Let d = l + 8. Let i be 11/d*3*1. What is the highest common factor of i and 1?
1
Let s = -608 - -637. Calculate the highest common factor of 29 and s.
29
Suppose l + n + 0*n - 15 = 0, -5*l = -n - 45. Suppose 33 + 62 = 2*w + c, 3*w = -3*c + 150. Let x = -15 + w. What is the greatest common divisor of l and x?
10
Suppose 6*k = 175 + 137. Suppose 0 = 2*a + 4*t - k, a - 49 = -3*a + 3*t. What is the highest common divisor of a and 24?
8
Let h be 1*-2 + -2 + 4. Suppose 3*r + r = 3*a + 96, h = r - a - 25. Let s be ((-7)/r)/((-1)/30). What is the highest common factor of s and 40?
10
Let m(r) = 2*r**2 + 18*r + 5. Let x be m(-9). Suppose x*c - 7*c + 8 = 0. Calculate the greatest common factor of c and 4.
4
Let n be (-6)/(-4)*8/(-6) + 20. Suppose -j - 3*j = -24. What is the highest common divisor of n and j?
6
Suppose 0 = -2*r + 3*o - 5, 0*r - 4*o + 4 = -2*r. Let i be 12/2 + r + 17*2. What is the greatest common divisor of 4 and i?
4
Let i = 736 + -463. What is the highest common factor of 105 and i?
21
Suppose 39*z - 34*z - 62 = -2*d, 5*d - 3*z - 155 = 0. Calculate the greatest common divisor of 372 and d.
31
Let z = 465 - 281. What is the greatest common divisor of 8 and z?
8
Suppose -4543 = -14*o + 3*o. What is the greatest common divisor of o and 59?
59
Let v(t) = 7*t**2 + 5*t - 2*t + t**3 - t + 0*t. Let s be v(-5). Let o be (-4)/(-6) - 10/(-3). Calculate the highest common divisor of o and s.
4
Let r = -289 - -433. What is the greatest common divisor of 108 and r?
36
Let m(i) = -i**2 - 6*i - 3. Let q be m(-6). Suppose -o + 4 = -3*o + 4*z, 0 = -5*o + 5*z + 15. Let u = q + o. Calculate the highest common divisor of 20 and u.
5
Let d = -2 - -5. Let b(u) = 4*u - 18. Let i be b(6). Suppose i*n - d*y - 15 = 3*n, -5*n + 25 = -4*y. Calculate the greatest common divisor of 35 and n.
5
Let i(s) = s**3 + 13*s**2 - 4*s - 23. Let k be i(-13). What is the greatest common divisor of 551 and k?
29
Suppose 2*l = -4*z - 20, 3*l + 3*z = -2*z - 29. Let u be (-1 - 10/l) + (-1785)/(-28). What is the highest common factor of u and 8?
8
Suppose -2*l + 45 = 5*b, 11*l + b + 72 = 16*l. What is the greatest common divisor of 255 and l?
15
Let k be (-15 - 1072/(-80))/(2/(-20)). What is the greatest common factor of k and 2096?
16
Let h(z) = z**3 - 62*z**2 + 176*z + 82. Let f be h(59). Let w(l) = 2*l**3 + 6*l**2 - 5*l + 3. Let c be w(4). Calculate the greatest common factor of f and c.
23
Suppose -4*f + 76 = -20. Suppose -4*l + 19 + 7 = -n, -2*n = 2*l - 8. Suppose -b + l + 42 = 0. What is the highest common factor of f and b?
24
Let r be -1 - -1 - 1*-56. Let l(m) = -3*m**3 + 15*m**2 - 6*m - 8. Let g be l(-4). What is the greatest common divisor of r and g?
56
Let d be (729/3 + 4)/(-2 - -3). Calculate the greatest common divisor of 13 and d.
13
Suppose -1 = -d, 0 = -0*s - 4*s + 4*d + 4. Suppose -5*a - s*c + 771 = -0*c, 0 = 5*a - c - 762. Calculate the greatest common divisor of a and 17.
17
Let g be 40/70 - -59*2/14. Suppose 0 = -k + g*k - 784. Calculate the greatest common divisor of k and 147.
49
Let m be (-411)/7 + 4/(-14). Let h = -26 - m. What is the greatest common factor of h and 22?
11
Suppose 0 = -2*x + 109 - 11. Suppose -5*p + 92 - 27 = 0. Let l = 20 - p. What is the highest common divisor of l and x?
7
Let w be (432/(-28))/(-1) - 8/(-14). What is the highest common factor of w and 4?
4
Let v(d) = 59*d**2 - d + 2. Let w be v(1). Suppose -294 = -2*i - w. Calculate the highest common divisor of i and 9.
9
Let z = 180 - 132. Let b = -2 + 14. What is the greatest common factor of b and z?
12
Let u = 3 - -3. Let j be 2/u + (-126)/(-27). Suppose -3*a - 23 = -j*a + 3*d, 5*a - 2*d - 52 = 0. What is the greatest common factor of 40 and a?
10
Let d be (29 + -54)*(-32)/10. Calculate the highest common factor of 650 and d.
10
Let w = -93 + 105. What is the highest common factor of 16 and w?
4
Suppose -6*n - 1902 = -9*n. Suppose 575 - 2130 = -5*r - z, 2*z = 2*r - n. Suppose 4*a + 92 = r. Calculate the highest common factor of a and 22.
11
Suppose -12*w + 1822 + 7478 = 0. Calculate the highest common factor of w and 50.
25
Let u(z) = -z**3 + 6*z**2 - 4*z - 8. Let d(b) = -3*b**2 + 2*b + 4. Let c(y) = 5*d(y) + 2*u(y). Let l be c(-3). Calculate the greatest common factor of 75 and l.
25
Suppose 16 = -4*f - 4, 4*h + 3*f = 37. Suppose 2 = 2*c - x - 0*x, 5*c = -x - 2. Let w be 3 + (c - -3*h). Calculate the greatest common divisor of w and 21.
21
Let y(f) = 6*f**2 - 15*f - 9. Let x(j) = -5*j**2 + 14*j + 9. Let h(d) = -5*x(d) - 4*y(d). Let m be h(-8). What is the greatest common factor of m and 15?
15
Let w = -6 - -32. Let d